{"id":94,"date":"2019-08-24T06:02:31","date_gmt":"2019-08-24T06:02:31","guid":{"rendered":"http:\/\/www.druidyzm.pl\/?page_id=94"},"modified":"2025-06-27T18:07:42","modified_gmt":"2025-06-27T18:07:42","slug":"obod","status":"publish","type":"page","link":"https:\/\/www.druidyzm.pl\/?page_id=94","title":{"rendered":"OBOD"},"content":{"rendered":"\n<h4 class=\"wp-block-heading has-text-align-center\"><strong>Order of Bards, Ovates and Druids (Zakon Bard\u00f3w, Ovat\u00f3w i Druid\u00f3w)<\/strong><\/h4>\n\n\n\n<p> OBOD &#8211; to og\u00f3lno\u015bwiatowa grupa ponad  30 000 cz\u0142onk\u00f3w w pi\u0119\u0107dziesi\u0119ciu krajach, po\u015bwi\u0119cona  \u0107wiczeniu, nauczaniu i rozwijaniu druidyzmu jako warto\u015bciowej i inspiruj\u0105cej duchowo\u015bci.<\/p>\n\n\n\n<hr class=\"wp-block-separator has-alpha-channel-opacity\"\/>\n\n\n\n<p>Zakon Bard\u00f3w, Owat\u00f3w i Druid\u00f3w (OBOD) to mi\u0119dzynarodowa wsp\u00f3lnota duchowa, edukacyjna i ekologiczna, kt\u00f3ra od ponad sze\u015bciu dekad promuje wsp\u00f3\u0142czesny druidyzm jako \u015bcie\u017ck\u0119 \u017cycia, inspiracji i osobistego rozwoju. Zosta\u0142 za\u0142o\u017cony w Wielkiej Brytanii w po\u0142owie XX wieku, lecz jego korzenie si\u0119gaj\u0105 g\u0142\u0119biej \u2013 do odrodzenia druidyzmu w XVIII wieku, a poprzez t\u0119 lini\u0119 do tradycji celtyckiej i przedchrze\u015bcija\u0144skich praktyk duchowych Europy.<\/p>\n\n\n\n<figure class=\"wp-block-image\"><img loading=\"lazy\" decoding=\"async\" width=\"812\" height=\"500\" src=\"http:\/\/www.druidyzm.pl\/wp-content\/uploads\/2022\/10\/st\u00f3jka-foto-16.png\" alt=\"\" class=\"wp-image-768\" srcset=\"https:\/\/www.druidyzm.pl\/wp-content\/uploads\/2022\/10\/st\u00f3jka-foto-16.png 812w, https:\/\/www.druidyzm.pl\/wp-content\/uploads\/2022\/10\/st\u00f3jka-foto-16-300x185.png 300w, https:\/\/www.druidyzm.pl\/wp-content\/uploads\/2022\/10\/st\u00f3jka-foto-16-768x473.png 768w, https:\/\/www.druidyzm.pl\/wp-content\/uploads\/2022\/10\/st\u00f3jka-foto-16-520x320.png 520w, https:\/\/www.druidyzm.pl\/wp-content\/uploads\/2022\/10\/st\u00f3jka-foto-16-740x456.png 740w\" sizes=\"auto, (max-width: 812px) 100vw, 812px\" \/><figcaption class=\"wp-element-caption\">Inicjacja nowej &#8222;szefowej&#8221; Zakonu. Fot. OBOD<\/figcaption><\/figure>\n\n\n\n<p>Dzi\u015b Zakon zrzesza <strong>tysi\u0105ce cz\u0142onk\u00f3w na ca\u0142ym \u015bwiecie<\/strong>, dzia\u0142aj\u0105cych w ponad 50 krajach, w tym r\u00f3wnie\u017c w Polsce. OBOD to wsp\u00f3lnota ludzi poszukuj\u0105cych g\u0142\u0119bszego po\u0142\u0105czenia z natur\u0105, cyklem p\u00f3r roku, duchowo\u015bci\u0105 opart\u0105 na do\u015bwiadczeniu i osobistej refleksji, a tak\u017ce z m\u0105dro\u015bci\u0105 dawnych kultur.<\/p>\n\n\n\n<hr class=\"wp-block-separator has-alpha-channel-opacity\"\/>\n\n\n\n<h3 class=\"wp-block-heading\"><strong>Tr\u00f3jstopniowa \u015bcie\u017cka rozwoju<\/strong><\/h3>\n\n\n\n<p>Rdzeniem dzia\u0142alno\u015bci OBOD jest <strong>trzystopniowe studia<\/strong>, kt\u00f3re prowadz\u0105 przez trzy symboliczne i praktyczne etapy:<\/p>\n\n\n\n<p><strong>Bard<\/strong> \u2013 to etap zanurzenia si\u0119 w \u015bwiat tw\u00f3rczo\u015bci, historii, poezji i mitu. Uczy wyra\u017cania siebie, kontaktu z emocjami i rozwijania wyobra\u017ani.<br><strong>Ovat<\/strong> \u2013 to czas pog\u0142\u0119biania intuicji, nauki zio\u0142olecznictwa, rytua\u0142\u00f3w uzdrawiania oraz pracy z cyklem \u017cycia i \u015bmierci.<br><strong>Druid<\/strong> \u2013 poziom ko\u0144cowy, skupiony na roli przewodnika, filozofa, rytualisty, kt\u00f3ry s\u0142u\u017cy wsp\u00f3lnocie, rozwija duchow\u0105 dojrza\u0142o\u015b\u0107 i piel\u0119gnuje m\u0105dro\u015b\u0107.<\/p>\n\n\n<div class=\"wp-block-image\">\n<figure class=\"aligncenter\"><img loading=\"lazy\" decoding=\"async\" width=\"812\" height=\"500\" src=\"http:\/\/www.druidyzm.pl\/wp-content\/uploads\/2022\/10\/st\u00f3jka-foto-12.png\" alt=\"\" class=\"wp-image-702\" srcset=\"https:\/\/www.druidyzm.pl\/wp-content\/uploads\/2022\/10\/st\u00f3jka-foto-12.png 812w, https:\/\/www.druidyzm.pl\/wp-content\/uploads\/2022\/10\/st\u00f3jka-foto-12-300x185.png 300w, https:\/\/www.druidyzm.pl\/wp-content\/uploads\/2022\/10\/st\u00f3jka-foto-12-768x473.png 768w, https:\/\/www.druidyzm.pl\/wp-content\/uploads\/2022\/10\/st\u00f3jka-foto-12-520x320.png 520w, https:\/\/www.druidyzm.pl\/wp-content\/uploads\/2022\/10\/st\u00f3jka-foto-12-740x456.png 740w\" sizes=\"auto, (max-width: 812px) 100vw, 812px\" \/><figcaption class=\"wp-element-caption\">Spotkanie w kr\u0119gu (fot. OBOD)<\/figcaption><\/figure><\/div>\n\n\n<p>Kurs prowadzony jest w formie korespondencyjnej (poczta lub wersja online), zawiera bogaty materia\u0142 pisany oraz nagrania audio, kt\u00f3re pozwalaj\u0105 pog\u0142\u0119bia\u0107 wiedz\u0119 w indywidualnym tempie. Ka\u017cdy uczestnik mo\u017ce r\u00f3wnie\u017c nawi\u0105za\u0107 kontakt z mentorem (ang. <em>tutor<\/em>), kt\u00f3ry towarzyszy w drodze i wspiera w nauce.<\/p>\n\n\n\n<hr class=\"wp-block-separator has-alpha-channel-opacity\"\/>\n\n\n\n<h3 class=\"wp-block-heading\"><strong>Duchowo\u015b\u0107 bez dogmat\u00f3w<\/strong><\/h3>\n\n\n\n<p>OBOD nie jest religi\u0105 ani zbiorem dogmat\u00f3w. To <strong>otwarta i elastyczna \u015bcie\u017cka duchowa<\/strong>, kt\u00f3ra mo\u017ce by\u0107 praktykowana r\u00f3wnolegle z innymi tradycjami lub jako niezale\u017cna forma \u017cycia w harmonii z natur\u0105. Zak\u0142ada wolno\u015b\u0107 my\u015bli, szacunek dla r\u00f3\u017cnorodno\u015bci i indywidualnej interpretacji duchowo\u015bci.<\/p>\n\n\n\n<p>Zakon nie wymaga wyrzeczenia si\u0119 wcze\u015bniejszych wierze\u0144 \u2013 wr\u0119cz przeciwnie: wielu cz\u0142onk\u00f3w to osoby o bardzo r\u00f3\u017cnych \u015bwiatopogl\u0105dach, dla kt\u00f3rych druidyzm stanowi dope\u0142nienie ich drogi.<\/p>\n\n\n\n<hr class=\"wp-block-separator has-alpha-channel-opacity\"\/>\n\n\n\n<h3 class=\"wp-block-heading\"><strong>Ko\u0142o Roku i \u015bwi\u0119ta sezonowe<\/strong><\/h3>\n\n\n\n<p>OBOD celebruje osiem g\u0142\u00f3wnych \u015bwi\u0105t Ko\u0142a Roku, \u0142\u0105cz\u0105c elementy duchowo\u015bci ziemi z wewn\u0119trzn\u0105 refleksj\u0105:<\/p>\n\n\n\n<p>\u2013 <strong>Cztery \u015awi\u0119ta Ognia<\/strong>: Imbolc, Beltane, Lughnasadh, Samhain<br>\u2013 <strong>Przesilenia i R\u00f3wnonoce<\/strong>: Alban Arthan (Zima), Alban Eilir (Wiosna), Alban Hefin (Lato) i Alban Elfed (Jesie\u0144)<\/p>\n\n\n\n<p>\u015awi\u0119ta te celebrowane s\u0105 zar\u00f3wno indywidualnie, jak i wsp\u00f3lnotowo \u2013 w lokalnych grupach, podczas mi\u0119dzynarodowych zjazd\u00f3w, a tak\u017ce w kr\u0119gach online.<\/p>\n\n\n\n<hr class=\"wp-block-separator has-alpha-channel-opacity\"\/>\n\n\n\n<h3 class=\"wp-block-heading\"><strong>Wsp\u00f3lnota i ekologia<\/strong><\/h3>\n\n\n\n<p>OBOD nie ogranicza si\u0119 jedynie do studi\u00f3w duchowych. To tak\u017ce <strong>aktywny ruch ekologiczny i kulturowy<\/strong>, wspieraj\u0105cy dzia\u0142ania na rzecz ochrony \u015brodowiska, rewitalizacji lokalnych kultur, ochrony krajobrazu, a tak\u017ce promuj\u0105cy \u017cycie w zgodzie z rytmem natury.<\/p>\n\n\n\n<p>Wielu cz\u0142onk\u00f3w anga\u017cuje si\u0119 w zak\u0142adanie ogrod\u00f3w druidycznych (gaj\u00f3w), projektowanie miejsc rytualnych, prowadzenie warsztat\u00f3w, wyk\u0142ad\u00f3w, a tak\u017ce tworzenie kr\u0119g\u00f3w kamiennych i wsp\u00f3\u0142czesnych nemeton\u00f3w.<\/p>\n\n\n<div class=\"wp-block-image\">\n<figure class=\"aligncenter size-large is-resized\"><img loading=\"lazy\" decoding=\"async\" src=\"http:\/\/www.druidyzm.pl\/wp-content\/uploads\/2025\/06\/10-1024x1024.jpg\" alt=\"\" class=\"wp-image-1385\" width=\"656\" height=\"656\" srcset=\"https:\/\/www.druidyzm.pl\/wp-content\/uploads\/2025\/06\/10-1024x1024.jpg 1024w, https:\/\/www.druidyzm.pl\/wp-content\/uploads\/2025\/06\/10-300x300.jpg 300w, https:\/\/www.druidyzm.pl\/wp-content\/uploads\/2025\/06\/10-150x150.jpg 150w, https:\/\/www.druidyzm.pl\/wp-content\/uploads\/2025\/06\/10-768x768.jpg 768w, https:\/\/www.druidyzm.pl\/wp-content\/uploads\/2025\/06\/10-520x520.jpg 520w, https:\/\/www.druidyzm.pl\/wp-content\/uploads\/2025\/06\/10-740x740.jpg 740w, https:\/\/www.druidyzm.pl\/wp-content\/uploads\/2025\/06\/10.jpg 1080w\" sizes=\"auto, (max-width: 656px) 100vw, 656px\" \/><figcaption class=\"wp-element-caption\">Fot. OBOD<\/figcaption><\/figure><\/div>\n\n\n<hr class=\"wp-block-separator has-alpha-channel-opacity\"\/>\n\n\n\n<p>Chocia\u017c wi\u0119kszo\u015b\u0107 cz\u0142onk\u00f3w pod\u0105\u017ca t\u0105 drog\u0105 samodzielnie, istnieje  ponad 200 grup na ca\u0142ym \u015bwiecie, kt\u00f3re oferuj\u0105 cz\u0142onkom mo\u017cliwo\u015b\u0107 spotkania i \u015bwi\u0119towania razem. Ponadto poszczeg\u00f3lni cz\u0142onkowie i grupy organizuj\u0105 spotkania, wyk\u0142ady, obozy, konferencje i warsztaty.<\/p>\n\n\n\n<blockquote class=\"wp-block-quote has-text-align-center is-style-large is-layout-flow wp-block-quote-is-layout-flow\">\n<p><em>Wi\u0119cej informacji o Zakonie na stronie:<\/em> <a href=\"http:\/\/www.druidry.org\"><strong>www.druidry.org<\/strong><\/a><\/p>\n<\/blockquote>\n\n\n<div class=\"wp-block-image\">\n<figure class=\"aligncenter\"><img loading=\"lazy\" decoding=\"async\" width=\"812\" height=\"500\" src=\"http:\/\/www.druidyzm.pl\/wp-content\/uploads\/2022\/10\/st\u00f3jka-foto-11.png\" alt=\"\" class=\"wp-image-703\" srcset=\"https:\/\/www.druidyzm.pl\/wp-content\/uploads\/2022\/10\/st\u00f3jka-foto-11.png 812w, https:\/\/www.druidyzm.pl\/wp-content\/uploads\/2022\/10\/st\u00f3jka-foto-11-300x185.png 300w, https:\/\/www.druidyzm.pl\/wp-content\/uploads\/2022\/10\/st\u00f3jka-foto-11-768x473.png 768w, https:\/\/www.druidyzm.pl\/wp-content\/uploads\/2022\/10\/st\u00f3jka-foto-11-520x320.png 520w, https:\/\/www.druidyzm.pl\/wp-content\/uploads\/2022\/10\/st\u00f3jka-foto-11-740x456.png 740w\" sizes=\"auto, (max-width: 812px) 100vw, 812px\" \/><figcaption class=\"wp-element-caption\"> Tradycyjna ceremonia na Glastobury Tor, fot. OBOD <\/figcaption><\/figure><\/div>\n\n<div class=\"wp-block-image\">\n<figure class=\"aligncenter size-large is-resized\"><img loading=\"lazy\" decoding=\"async\" src=\"http:\/\/www.druidyzm.pl\/wp-content\/uploads\/2025\/06\/11-1024x1024.jpg\" alt=\"\" class=\"wp-image-1386\" width=\"524\" height=\"524\" srcset=\"https:\/\/www.druidyzm.pl\/wp-content\/uploads\/2025\/06\/11-1024x1024.jpg 1024w, https:\/\/www.druidyzm.pl\/wp-content\/uploads\/2025\/06\/11-300x300.jpg 300w, https:\/\/www.druidyzm.pl\/wp-content\/uploads\/2025\/06\/11-150x150.jpg 150w, https:\/\/www.druidyzm.pl\/wp-content\/uploads\/2025\/06\/11-768x768.jpg 768w, https:\/\/www.druidyzm.pl\/wp-content\/uploads\/2025\/06\/11-520x520.jpg 520w, https:\/\/www.druidyzm.pl\/wp-content\/uploads\/2025\/06\/11-740x740.jpg 740w, https:\/\/www.druidyzm.pl\/wp-content\/uploads\/2025\/06\/11.jpg 1080w\" sizes=\"auto, (max-width: 524px) 100vw, 524px\" \/><\/figure><\/div>","protected":false},"excerpt":{"rendered":"<p>Order of Bards, Ovates and Druids (Zakon Bard\u00f3w, Ovat\u00f3w i Druid\u00f3w) OBOD &#8211; to og\u00f3lno\u015bwiatowa grupa ponad 30 000 cz\u0142onk\u00f3w w pi\u0119\u0107dziesi\u0119ciu krajach, po\u015bwi\u0119cona \u0107wiczeniu, nauczaniu i rozwijaniu druidyzmu jako warto\u015bciowej i inspiruj\u0105cej duchowo\u015bci. Zakon<a class=\"read-more\" href=\"https:\/\/www.druidyzm.pl\/?page_id=94\">Continue reading<\/a><\/p>\n","protected":false},"author":1,"featured_media":0,"parent":0,"menu_order":0,"comment_status":"closed","ping_status":"closed","template":"","meta":{"ngg_post_thumbnail":0,"footnotes":""},"class_list":["post-94","page","type-page","status-publish","hentry"],"_links":{"self":[{"href":"https:\/\/www.druidyzm.pl\/index.php?rest_route=\/wp\/v2\/pages\/94","targetHints":{"allow":["GET"]}}],"collection":[{"href":"https:\/\/www.druidyzm.pl\/index.php?rest_route=\/wp\/v2\/pages"}],"about":[{"href":"https:\/\/www.druidyzm.pl\/index.php?rest_route=\/wp\/v2\/types\/page"}],"author":[{"embeddable":true,"href":"https:\/\/www.druidyzm.pl\/index.php?rest_route=\/wp\/v2\/users\/1"}],"replies":[{"embeddable":true,"href":"https:\/\/www.druidyzm.pl\/index.php?rest_route=%2Fwp%2Fv2%2Fcomments&post=94"}],"version-history":[{"count":11,"href":"https:\/\/www.druidyzm.pl\/index.php?rest_route=\/wp\/v2\/pages\/94\/revisions"}],"predecessor-version":[{"id":1429,"href":"https:\/\/www.druidyzm.pl\/index.php?rest_route=\/wp\/v2\/pages\/94\/revisions\/1429"}],"wp:attachment":[{"href":"https:\/\/www.druidyzm.pl\/index.php?rest_route=%2Fwp%2Fv2%2Fmedia&parent=94"}],"curies":[{"name":"wp","href":"https:\/\/api.w.org\/{rel}","templated":true}]}}

<h4 class="wp-block-heading has-text-align-center"><strong>Order of Bards, Ovates and Druids (Zakon Bardów, Ovatów i Druidów)</strong></h4>



<p> OBOD &#8211; to ogólnoświatowa grupa ponad  30 000 członków w pięćdziesięciu krajach, poświęcona  ćwiczeniu, nauczaniu i rozwijaniu druidyzmu jako wartościowej i inspirującej duchowości.</p>



<hr class="wp-block-separator has-alpha-channel-opacity"/>



<p>Zakon Bardów, Owatów i Druidów (OBOD) to międzynarodowa wspólnota duchowa, edukacyjna i ekologiczna, która od ponad sześciu dekad promuje współczesny druidyzm jako ścieżkę życia, inspiracji i osobistego rozwoju. Został założony w Wielkiej Brytanii w połowie XX wieku, lecz jego korzenie sięgają głębiej – do odrodzenia druidyzmu w XVIII wieku, a poprzez tę linię do tradycji celtyckiej i przedchrześcijańskich praktyk duchowych Europy.</p>



<figure class="wp-block-image"><img loading="lazy" decoding="async" width="812" height="500" src="http://www.druidyzm.pl/wp-content/uploads/2022/10/stójka-foto-16.png" alt="" class="wp-image-768" srcset="https://www.druidyzm.pl/wp-content/uploads/2022/10/stójka-foto-16.png 812w, https://www.druidyzm.pl/wp-content/uploads/2022/10/stójka-foto-16-300x185.png 300w, https://www.druidyzm.pl/wp-content/uploads/2022/10/stójka-foto-16-768x473.png 768w, https://www.druidyzm.pl/wp-content/uploads/2022/10/stójka-foto-16-520x320.png 520w, https://www.druidyzm.pl/wp-content/uploads/2022/10/stójka-foto-16-740x456.png 740w" sizes="auto, (max-width: 812px) 100vw, 812px" /><figcaption class="wp-element-caption">Inicjacja nowej &#8222;szefowej&#8221; Zakonu. Fot. OBOD</figcaption></figure>



<p>Dziś Zakon zrzesza <strong>tysiące członków na całym świecie</strong>, działających w ponad 50 krajach, w tym również w Polsce. OBOD to wspólnota ludzi poszukujących głębszego połączenia z naturą, cyklem pór roku, duchowością opartą na doświadczeniu i osobistej refleksji, a także z mądrością dawnych kultur.</p>



<hr class="wp-block-separator has-alpha-channel-opacity"/>



<h3 class="wp-block-heading"><strong>Trójstopniowa ścieżka rozwoju</strong></h3>



<p>Rdzeniem działalności OBOD jest <strong>trzystopniowe studia</strong>, które prowadzą przez trzy symboliczne i praktyczne etapy:</p>



<p><strong>Bard</strong> – to etap zanurzenia się w świat twórczości, historii, poezji i mitu. Uczy wyrażania siebie, kontaktu z emocjami i rozwijania wyobraźni.<br><strong>Ovat</strong> – to czas pogłębiania intuicji, nauki ziołolecznictwa, rytuałów uzdrawiania oraz pracy z cyklem życia i śmierci.<br><strong>Druid</strong> – poziom końcowy, skupiony na roli przewodnika, filozofa, rytualisty, który służy wspólnocie, rozwija duchową dojrzałość i pielęgnuje mądrość.</p>


<div class="wp-block-image">
<figure class="aligncenter"><img loading="lazy" decoding="async" width="812" height="500" src="http://www.druidyzm.pl/wp-content/uploads/2022/10/stójka-foto-12.png" alt="" class="wp-image-702" srcset="https://www.druidyzm.pl/wp-content/uploads/2022/10/stójka-foto-12.png 812w, https://www.druidyzm.pl/wp-content/uploads/2022/10/stójka-foto-12-300x185.png 300w, https://www.druidyzm.pl/wp-content/uploads/2022/10/stójka-foto-12-768x473.png 768w, https://www.druidyzm.pl/wp-content/uploads/2022/10/stójka-foto-12-520x320.png 520w, https://www.druidyzm.pl/wp-content/uploads/2022/10/stójka-foto-12-740x456.png 740w" sizes="auto, (max-width: 812px) 100vw, 812px" /><figcaption class="wp-element-caption">Spotkanie w kręgu (fot. OBOD)</figcaption></figure></div>


<p>Kurs prowadzony jest w formie korespondencyjnej (poczta lub wersja online), zawiera bogaty materiał pisany oraz nagrania audio, które pozwalają pogłębiać wiedzę w indywidualnym tempie. Każdy uczestnik może również nawiązać kontakt z mentorem (ang. <em>tutor</em>), który towarzyszy w drodze i wspiera w nauce.</p>



<hr class="wp-block-separator has-alpha-channel-opacity"/>



<h3 class="wp-block-heading"><strong>Duchowość bez dogmatów</strong></h3>



<p>OBOD nie jest religią ani zbiorem dogmatów. To <strong>otwarta i elastyczna ścieżka duchowa</strong>, która może być praktykowana równolegle z innymi tradycjami lub jako niezależna forma życia w harmonii z naturą. Zakłada wolność myśli, szacunek dla różnorodności i indywidualnej interpretacji duchowości.</p>



<p>Zakon nie wymaga wyrzeczenia się wcześniejszych wierzeń – wręcz przeciwnie: wielu członków to osoby o bardzo różnych światopoglądach, dla których druidyzm stanowi dopełnienie ich drogi.</p>



<hr class="wp-block-separator has-alpha-channel-opacity"/>



<h3 class="wp-block-heading"><strong>Koło Roku i święta sezonowe</strong></h3>



<p>OBOD celebruje osiem głównych świąt Koła Roku, łącząc elementy duchowości ziemi z wewnętrzną refleksją:</p>



<p>– <strong>Cztery Święta Ognia</strong>: Imbolc, Beltane, Lughnasadh, Samhain<br>– <strong>Przesilenia i Równonoce</strong>: Alban Arthan (Zima), Alban Eilir (Wiosna), Alban Hefin (Lato) i Alban Elfed (Jesień)</p>



<p>Święta te celebrowane są zarówno indywidualnie, jak i wspólnotowo – w lokalnych grupach, podczas międzynarodowych zjazdów, a także w kręgach online.</p>



<hr class="wp-block-separator has-alpha-channel-opacity"/>



<h3 class="wp-block-heading"><strong>Wspólnota i ekologia</strong></h3>



<p>OBOD nie ogranicza się jedynie do studiów duchowych. To także <strong>aktywny ruch ekologiczny i kulturowy</strong>, wspierający działania na rzecz ochrony środowiska, rewitalizacji lokalnych kultur, ochrony krajobrazu, a także promujący życie w zgodzie z rytmem natury.</p>



<p>Wielu członków angażuje się w zakładanie ogrodów druidycznych (gajów), projektowanie miejsc rytualnych, prowadzenie warsztatów, wykładów, a także tworzenie kręgów kamiennych i współczesnych nemetonów.</p>


<div class="wp-block-image">
<figure class="aligncenter size-large is-resized"><img loading="lazy" decoding="async" src="http://www.druidyzm.pl/wp-content/uploads/2025/06/10-1024x1024.jpg" alt="" class="wp-image-1385" width="656" height="656" srcset="https://www.druidyzm.pl/wp-content/uploads/2025/06/10-1024x1024.jpg 1024w, https://www.druidyzm.pl/wp-content/uploads/2025/06/10-300x300.jpg 300w, https://www.druidyzm.pl/wp-content/uploads/2025/06/10-150x150.jpg 150w, https://www.druidyzm.pl/wp-content/uploads/2025/06/10-768x768.jpg 768w, https://www.druidyzm.pl/wp-content/uploads/2025/06/10-520x520.jpg 520w, https://www.druidyzm.pl/wp-content/uploads/2025/06/10-740x740.jpg 740w, https://www.druidyzm.pl/wp-content/uploads/2025/06/10.jpg 1080w" sizes="auto, (max-width: 656px) 100vw, 656px" /><figcaption class="wp-element-caption">Fot. OBOD</figcaption></figure></div>


<hr class="wp-block-separator has-alpha-channel-opacity"/>



<p>Chociaż większość członków podąża tą drogą samodzielnie, istnieje  ponad 200 grup na całym świecie, które oferują członkom możliwość spotkania i świętowania razem. Ponadto poszczególni członkowie i grupy organizują spotkania, wykłady, obozy, konferencje i warsztaty.</p>



<blockquote class="wp-block-quote has-text-align-center is-style-large is-layout-flow wp-block-quote-is-layout-flow">
<p><em>Więcej informacji o Zakonie na stronie:</em> <a href="http://www.druidry.org"><strong>www.druidry.org</strong></a></p>
</blockquote>


<div class="wp-block-image">
<figure class="aligncenter"><img loading="lazy" decoding="async" width="812" height="500" src="http://www.druidyzm.pl/wp-content/uploads/2022/10/stójka-foto-11.png" alt="" class="wp-image-703" srcset="https://www.druidyzm.pl/wp-content/uploads/2022/10/stójka-foto-11.png 812w, https://www.druidyzm.pl/wp-content/uploads/2022/10/stójka-foto-11-300x185.png 300w, https://www.druidyzm.pl/wp-content/uploads/2022/10/stójka-foto-11-768x473.png 768w, https://www.druidyzm.pl/wp-content/uploads/2022/10/stójka-foto-11-520x320.png 520w, https://www.druidyzm.pl/wp-content/uploads/2022/10/stójka-foto-11-740x456.png 740w" sizes="auto, (max-width: 812px) 100vw, 812px" /><figcaption class="wp-element-caption"> Tradycyjna ceremonia na Glastobury Tor, fot. OBOD </figcaption></figure></div>

<div class="wp-block-image">
<figure class="aligncenter size-large is-resized"><img loading="lazy" decoding="async" src="http://www.druidyzm.pl/wp-content/uploads/2025/06/11-1024x1024.jpg" alt="" class="wp-image-1386" width="524" height="524" srcset="https://www.druidyzm.pl/wp-content/uploads/2025/06/11-1024x1024.jpg 1024w, https://www.druidyzm.pl/wp-content/uploads/2025/06/11-300x300.jpg 300w, https://www.druidyzm.pl/wp-content/uploads/2025/06/11-150x150.jpg 150w, https://www.druidyzm.pl/wp-content/uploads/2025/06/11-768x768.jpg 768w, https://www.druidyzm.pl/wp-content/uploads/2025/06/11-520x520.jpg 520w, https://www.druidyzm.pl/wp-content/uploads/2025/06/11-740x740.jpg 740w, https://www.druidyzm.pl/wp-content/uploads/2025/06/11.jpg 1080w" sizes="auto, (max-width: 524px) 100vw, 524px" /></figure></div>

<p>Order of Bards, Ovates and Druids (Zakon Bardów, Ovatów i Druidów) OBOD &#8211; to ogólnoświatowa grupa ponad 30 000 członków w pięćdziesięciu krajach, poświęcona ćwiczeniu, nauczaniu i rozwijaniu druidyzmu jako wartościowej i inspirującej duchowości. Zakon<a class="read-more" href="https://www.druidyzm.pl/?page_id=94">Continue reading</a></p>
