{"id":705,"date":"2022-10-09T17:02:44","date_gmt":"2022-10-09T17:02:44","guid":{"rendered":"http:\/\/www.druidyzm.pl\/?page_id=705"},"modified":"2025-12-09T18:27:07","modified_gmt":"2025-12-09T18:27:07","slug":"co-robimy","status":"publish","type":"page","link":"https:\/\/www.druidyzm.pl\/?page_id=705","title":{"rendered":"Wiedza"},"content":{"rendered":"\n<p><strong>| WIEDZA | DUCHOWO\u015a\u0106 | ROZW\u00d3J<\/strong> |<\/p>\n\n\n\n<p>Dla tych, kt\u00f3rzy pragn\u0105 pog\u0142\u0119bi\u0107 swoj\u0105 praktyk\u0119, tworzymy <strong>kursy i materia\u0142y edukacyjne<\/strong>. Naszym g\u0142\u00f3wnym filarem jest <strong>Kurs Podstawowy: Zosta\u0144 Druidem<\/strong>, kt\u00f3ry wprowadza w duchowo\u015b\u0107 druidyczn\u0105: od korzeni historycznych, przez tradycj\u0119, a\u017c po wsp\u00f3\u0142czesn\u0105 praktyk\u0119. To podr\u0119cznik i przewodnik duchowy, stworzony z my\u015bl\u0105 o praktycznym rozwoju osobistym i duchowym.<\/p>\n\n\n\n<p>Znajdziesz u nas r\u00f3wnie\u017c inne kursy, webinary, medytacje oraz nagrania wspieraj\u0105ce Ci\u0119 w codziennej pracy duchowej.<\/p>\n\n\n\n<p><strong>KONSULTACJE &amp; MENTORING<\/strong><\/p>\n\n\n\n<p>Je\u015bli stoisz na rozdro\u017cu, czujesz zagubienie, albo po prostu potrzebujesz duchowej rozmowy: oferujemy <strong>indywidualne konsultacje<\/strong> z Emrysem, tw\u00f3rc\u0105 projektu i najbardziej znanym druidem w Polsce. To przestrze\u0144 osobistego wsparcia, duchowego prowadzenia i wsp\u00f3lnego szukania rozwi\u0105za\u0144.<br><br>Po uko\u0144czonym kursie, mo\u017cesz r\u00f3wnie\u017c zg\u0142osi\u0107 swoj\u0105 kandydatur\u0119 do projektu Patronatu, w kt\u00f3rym Emrys obejmuje swoj\u0105 indywidualn\u0105 opiek\u0105 i wsparciem jako Mentor wybrane osoby. Chcesz wi\u0119cej informacji? <a href=\"https:\/\/www.druidyzm.pl\/?page_id=38\" data-type=\"page\" data-id=\"38\">Napisz!<\/a><\/p>\n\n\n\n<p style=\"font-size:27px\"><strong>Zobacz nasze przyk\u0142adowe materia\u0142y:<\/strong><\/p>\n\n\n\n<div class=\"wp-block-group is-layout-grid wp-container-core-group-is-layout-9649a0d9 wp-block-group-is-layout-grid\">\n<figure class=\"wp-block-image size-large wp-container-content-e29552f7\"><a href=\"https:\/\/druidyzm.elms.pl\/produkt\/kurs-podstawowy-droga-druida\/\"><img loading=\"lazy\" decoding=\"async\" width=\"1024\" height=\"768\" src=\"https:\/\/www.druidyzm.pl\/wp-content\/uploads\/2025\/12\/Kopia-\u2013-droga-druida-1120-x-630-px-2-1024x768.jpg\" alt=\"\" class=\"wp-image-1668\" srcset=\"https:\/\/www.druidyzm.pl\/wp-content\/uploads\/2025\/12\/Kopia-\u2013-droga-druida-1120-x-630-px-2-1024x768.jpg 1024w, https:\/\/www.druidyzm.pl\/wp-content\/uploads\/2025\/12\/Kopia-\u2013-droga-druida-1120-x-630-px-2-300x225.jpg 300w, https:\/\/www.druidyzm.pl\/wp-content\/uploads\/2025\/12\/Kopia-\u2013-droga-druida-1120-x-630-px-2-768x576.jpg 768w, https:\/\/www.druidyzm.pl\/wp-content\/uploads\/2025\/12\/Kopia-\u2013-droga-druida-1120-x-630-px-2-520x390.jpg 520w, https:\/\/www.druidyzm.pl\/wp-content\/uploads\/2025\/12\/Kopia-\u2013-droga-druida-1120-x-630-px-2-740x555.jpg 740w, https:\/\/www.druidyzm.pl\/wp-content\/uploads\/2025\/12\/Kopia-\u2013-droga-druida-1120-x-630-px-2.jpg 1120w\" sizes=\"auto, (max-width: 1024px) 100vw, 1024px\" \/><\/a><\/figure>\n\n\n\n<figure class=\"wp-block-image size-large wp-container-content-e29552f7\"><a href=\"https:\/\/druidyzm.elms.pl\/produkt\/pakiet-medytacje-mocy\/\"><img loading=\"lazy\" decoding=\"async\" width=\"1024\" height=\"768\" src=\"https:\/\/www.druidyzm.pl\/wp-content\/uploads\/2025\/12\/3-1024x768.jpg\" alt=\"\" class=\"wp-image-1665\" srcset=\"https:\/\/www.druidyzm.pl\/wp-content\/uploads\/2025\/12\/3-1024x768.jpg 1024w, https:\/\/www.druidyzm.pl\/wp-content\/uploads\/2025\/12\/3-300x225.jpg 300w, https:\/\/www.druidyzm.pl\/wp-content\/uploads\/2025\/12\/3-768x576.jpg 768w, https:\/\/www.druidyzm.pl\/wp-content\/uploads\/2025\/12\/3-520x390.jpg 520w, https:\/\/www.druidyzm.pl\/wp-content\/uploads\/2025\/12\/3-740x555.jpg 740w, https:\/\/www.druidyzm.pl\/wp-content\/uploads\/2025\/12\/3.jpg 1120w\" sizes=\"auto, (max-width: 1024px) 100vw, 1024px\" \/><\/a><\/figure>\n\n\n\n<figure class=\"wp-block-image size-large wp-container-content-e29552f7\"><a href=\"https:\/\/druidyzm.elms.pl\/produkt\/pakiet-medytacje-codzienne\/\"><img loading=\"lazy\" decoding=\"async\" width=\"1024\" height=\"768\" src=\"https:\/\/www.druidyzm.pl\/wp-content\/uploads\/2025\/12\/2-1-1024x768.jpg\" alt=\"\" class=\"wp-image-1664\" srcset=\"https:\/\/www.druidyzm.pl\/wp-content\/uploads\/2025\/12\/2-1-1024x768.jpg 1024w, https:\/\/www.druidyzm.pl\/wp-content\/uploads\/2025\/12\/2-1-300x225.jpg 300w, https:\/\/www.druidyzm.pl\/wp-content\/uploads\/2025\/12\/2-1-768x576.jpg 768w, https:\/\/www.druidyzm.pl\/wp-content\/uploads\/2025\/12\/2-1-520x390.jpg 520w, https:\/\/www.druidyzm.pl\/wp-content\/uploads\/2025\/12\/2-1-740x555.jpg 740w, https:\/\/www.druidyzm.pl\/wp-content\/uploads\/2025\/12\/2-1.jpg 1120w\" sizes=\"auto, (max-width: 1024px) 100vw, 1024px\" \/><\/a><\/figure>\n\n\n\n<figure class=\"wp-block-image size-large wp-container-content-e29552f7\"><a href=\"https:\/\/druidyzm.elms.pl\/\"><img loading=\"lazy\" decoding=\"async\" width=\"1024\" height=\"768\" src=\"https:\/\/www.druidyzm.pl\/wp-content\/uploads\/2025\/12\/1-1024x768.jpg\" alt=\"\" class=\"wp-image-1669\" srcset=\"https:\/\/www.druidyzm.pl\/wp-content\/uploads\/2025\/12\/1-1024x768.jpg 1024w, https:\/\/www.druidyzm.pl\/wp-content\/uploads\/2025\/12\/1-300x225.jpg 300w, https:\/\/www.druidyzm.pl\/wp-content\/uploads\/2025\/12\/1-768x576.jpg 768w, https:\/\/www.druidyzm.pl\/wp-content\/uploads\/2025\/12\/1-520x390.jpg 520w, https:\/\/www.druidyzm.pl\/wp-content\/uploads\/2025\/12\/1-740x555.jpg 740w, https:\/\/www.druidyzm.pl\/wp-content\/uploads\/2025\/12\/1.jpg 1120w\" sizes=\"auto, (max-width: 1024px) 100vw, 1024px\" \/><\/a><\/figure>\n\n\n\n<figure class=\"wp-block-image size-large wp-container-content-e29552f7\"><a href=\"https:\/\/druidyzm.elms.pl\/produkt\/podroz-do-avalonu\/\"><img loading=\"lazy\" decoding=\"async\" width=\"1024\" height=\"768\" src=\"https:\/\/www.druidyzm.pl\/wp-content\/uploads\/2025\/12\/16-1024x768.jpg\" alt=\"\" class=\"wp-image-1666\" srcset=\"https:\/\/www.druidyzm.pl\/wp-content\/uploads\/2025\/12\/16-1024x768.jpg 1024w, https:\/\/www.druidyzm.pl\/wp-content\/uploads\/2025\/12\/16-300x225.jpg 300w, https:\/\/www.druidyzm.pl\/wp-content\/uploads\/2025\/12\/16-768x576.jpg 768w, https:\/\/www.druidyzm.pl\/wp-content\/uploads\/2025\/12\/16-520x390.jpg 520w, https:\/\/www.druidyzm.pl\/wp-content\/uploads\/2025\/12\/16-740x555.jpg 740w, https:\/\/www.druidyzm.pl\/wp-content\/uploads\/2025\/12\/16.jpg 1120w\" sizes=\"auto, (max-width: 1024px) 100vw, 1024px\" \/><\/a><\/figure>\n\n\n\n<figure class=\"wp-block-image size-large wp-container-content-e29552f7\"><a href=\"https:\/\/druidyzm.elms.pl\/produkt\/medytacja-swietego-gaju\/\"><img loading=\"lazy\" decoding=\"async\" width=\"1024\" height=\"768\" src=\"https:\/\/www.druidyzm.pl\/wp-content\/uploads\/2025\/12\/7-1024x768.jpg\" alt=\"\" class=\"wp-image-1667\" srcset=\"https:\/\/www.druidyzm.pl\/wp-content\/uploads\/2025\/12\/7-1024x768.jpg 1024w, https:\/\/www.druidyzm.pl\/wp-content\/uploads\/2025\/12\/7-300x225.jpg 300w, https:\/\/www.druidyzm.pl\/wp-content\/uploads\/2025\/12\/7-768x576.jpg 768w, https:\/\/www.druidyzm.pl\/wp-content\/uploads\/2025\/12\/7-520x390.jpg 520w, https:\/\/www.druidyzm.pl\/wp-content\/uploads\/2025\/12\/7-740x555.jpg 740w, https:\/\/www.druidyzm.pl\/wp-content\/uploads\/2025\/12\/7.jpg 1120w\" sizes=\"auto, (max-width: 1024px) 100vw, 1024px\" \/><\/a><\/figure>\n<\/div>\n\n\n\n<p class=\"has-medium-font-size\">M<strong>o\u017cesz otrzyma\u0107:<\/strong><\/p>\n\n\n\n<p>\u2013 <strong>Uwa\u017cno\u015b\u0107 i wsparcie<\/strong> w momentach duchowego zagubienia<br>\u2013 <strong>Pomoc w praktyce<\/strong>: rytua\u0142y, medytacja, praca z cyklem roku, symbolik\u0105<br>\u2013 <strong>Wgl\u0105d i inspiracj\u0119<\/strong>: spojrzenie z szerszej perspektywy na Twoj\u0105 drog\u0119<br>\u2013 <strong>Patronat<\/strong>: sta\u0142e towarzyszenie Mentora w Twoim rozwoju przez d\u0142u\u017cszy czas<\/p>\n\n\n\n<h3 class=\"wp-block-heading\"><strong>Duchowa podr\u00f3\u017c, kt\u00f3ra zaczyna si\u0119 tu i teraz<\/strong>!<\/h3>\n\n\n\n<hr class=\"wp-block-separator has-alpha-channel-opacity\"\/>\n\n\n\n<h2 class=\"wp-block-heading\">Opinie:<\/h2>\n\n\n\n<iframe src='https:\/\/druidyzm.elms.pl\/next\/public\/opinions\/embedded\/eccbc87e4b5ce2fe28308fd9f2a7baf3' class='dynamic-iframe' style='width:100%; border:none;'><\/iframe> <script> window.addEventListener('message', function(event) { const iframes = document.querySelectorAll('.dynamic-iframe'); iframes.forEach((iframe) => { if (iframe.contentWindow === event.source && event.data) { iframe.style.height = event.data + 'px'; } }); }); <\/script>\n\n\n\n<p class=\"has-medium-font-size\"><\/p>\n\n\n\n<hr class=\"wp-block-separator has-alpha-channel-opacity\"\/>\n\n\n\n<h4 class=\"wp-block-heading\"><strong>Dzia\u0142amy tak\u017ce online<\/strong> i poprzez darmowe materia\u0142y!<\/h4>\n\n\n<div class=\"wp-block-image\">\n<figure class=\"aligncenter size-full\"><img loading=\"lazy\" decoding=\"async\" width=\"812\" height=\"500\" src=\"http:\/\/www.druidyzm.pl\/wp-content\/uploads\/2022\/10\/stojka-foto.png\" alt=\"\" class=\"wp-image-817\" srcset=\"https:\/\/www.druidyzm.pl\/wp-content\/uploads\/2022\/10\/stojka-foto.png 812w, https:\/\/www.druidyzm.pl\/wp-content\/uploads\/2022\/10\/stojka-foto-300x185.png 300w, https:\/\/www.druidyzm.pl\/wp-content\/uploads\/2022\/10\/stojka-foto-768x473.png 768w, https:\/\/www.druidyzm.pl\/wp-content\/uploads\/2022\/10\/stojka-foto-520x320.png 520w, https:\/\/www.druidyzm.pl\/wp-content\/uploads\/2022\/10\/stojka-foto-740x456.png 740w\" sizes=\"auto, (max-width: 812px) 100vw, 812px\" \/><\/figure><\/div>\n\n\n<hr class=\"wp-block-separator has-alpha-channel-opacity\"\/>\n\n\n\n<p>Zdajemy sobie spraw\u0119, \u017ce nie wszyscy mog\u0105 uczestniczy\u0107 osobi\u015bcie lub pozwoli\u0107 sobie na inwestowanie w rozbudowane kursy. Dlatego jeste\u015bmy obecni w sieci: na <strong>Facebooku, Instagramie, YouTubie i Spotify<\/strong>. Tworzymy tam podcasty, filmy, nagrania i inspiracje &#8211; by druidyzm m\u00f3g\u0142 by\u0107 bli\u017cej ka\u017cdego, niezale\u017cnie od miejsca, czasu i mo\u017cliwo\u015bci finansowych.<\/p>\n\n\n\n<hr class=\"wp-block-separator has-alpha-channel-opacity\"\/>\n\n\n\n<p><strong>Zjazd Druid\u00f3w &#8211; Spotkanie Roczne<\/strong><\/p>\n\n\n\n<p>W 2026 roku planujemy pierwsze og\u00f3lnopolskie <strong>Spotkanie Druid\u00f3w<\/strong>: now\u0105 tradycj\u0119, kt\u00f3ra po\u0142\u0105czy osoby z r\u00f3\u017cnych stron kraju. To czas warsztat\u00f3w, ognisk, rozm\u00f3w i wsp\u00f3lnej praktyki. Dla wszystkich, kt\u00f3rzy szukaj\u0105 wsp\u00f3lnoty, nauki, inspiracji &#8211; i prawdziwego do\u015bwiadczenia duchowo\u015bci zakorzenionej w Ziemi.<\/p>\n\n\n\n<p>Wi\u0119cej informacji opublikujemy na pocz\u0105tku 2026 roku.<\/p>\n\n\n\n<p>Chcesz otrzyma\u0107 zaproszenie? <strong><a href=\"https:\/\/www.druidyzm.pl\/?page_id=38\" data-type=\"page\" data-id=\"38\">Napisz!<\/a><\/strong><\/p>\n\n\n<div class=\"wp-block-image\">\n<figure class=\"aligncenter size-large\"><img loading=\"lazy\" decoding=\"async\" width=\"1024\" height=\"576\" src=\"https:\/\/www.druidyzm.pl\/wp-content\/uploads\/2024\/07\/DJI_20240720220953_0185_D-1024x576.jpg\" alt=\"\" class=\"wp-image-1129\" srcset=\"https:\/\/www.druidyzm.pl\/wp-content\/uploads\/2024\/07\/DJI_20240720220953_0185_D-1024x576.jpg 1024w, https:\/\/www.druidyzm.pl\/wp-content\/uploads\/2024\/07\/DJI_20240720220953_0185_D-300x169.jpg 300w, https:\/\/www.druidyzm.pl\/wp-content\/uploads\/2024\/07\/DJI_20240720220953_0185_D-768x432.jpg 768w, https:\/\/www.druidyzm.pl\/wp-content\/uploads\/2024\/07\/DJI_20240720220953_0185_D-1536x864.jpg 1536w, https:\/\/www.druidyzm.pl\/wp-content\/uploads\/2024\/07\/DJI_20240720220953_0185_D-2048x1152.jpg 2048w, https:\/\/www.druidyzm.pl\/wp-content\/uploads\/2024\/07\/DJI_20240720220953_0185_D-520x293.jpg 520w, https:\/\/www.druidyzm.pl\/wp-content\/uploads\/2024\/07\/DJI_20240720220953_0185_D-740x416.jpg 740w\" sizes=\"auto, (max-width: 1024px) 100vw, 1024px\" \/><\/figure><\/div>\n\n\n<figure class=\"wp-block-image\"><img loading=\"lazy\" decoding=\"async\" width=\"940\" height=\"788\" src=\"http:\/\/www.druidyzm.pl\/wp-content\/uploads\/2022\/10\/Kopia-jare-.png\" alt=\"\" class=\"wp-image-709\" srcset=\"https:\/\/www.druidyzm.pl\/wp-content\/uploads\/2022\/10\/Kopia-jare-.png 940w, https:\/\/www.druidyzm.pl\/wp-content\/uploads\/2022\/10\/Kopia-jare--300x251.png 300w, https:\/\/www.druidyzm.pl\/wp-content\/uploads\/2022\/10\/Kopia-jare--768x644.png 768w, https:\/\/www.druidyzm.pl\/wp-content\/uploads\/2022\/10\/Kopia-jare--520x436.png 520w, https:\/\/www.druidyzm.pl\/wp-content\/uploads\/2022\/10\/Kopia-jare--740x620.png 740w\" sizes=\"auto, (max-width: 940px) 100vw, 940px\" \/><\/figure>\n","protected":false},"excerpt":{"rendered":"<p>| WIEDZA | DUCHOWO\u015a\u0106 | ROZW\u00d3J | Dla tych, kt\u00f3rzy pragn\u0105 pog\u0142\u0119bi\u0107 swoj\u0105 praktyk\u0119, tworzymy kursy i materia\u0142y edukacyjne. Naszym g\u0142\u00f3wnym filarem jest Kurs Podstawowy: Zosta\u0144 Druidem, kt\u00f3ry wprowadza w duchowo\u015b\u0107 druidyczn\u0105: od korzeni historycznych,<a class=\"read-more\" href=\"https:\/\/www.druidyzm.pl\/?page_id=705\">Continue reading<\/a><\/p>\n","protected":false},"author":1,"featured_media":0,"parent":0,"menu_order":0,"comment_status":"closed","ping_status":"closed","template":"","meta":{"ngg_post_thumbnail":0,"footnotes":""},"class_list":["post-705","page","type-page","status-publish","hentry"],"_links":{"self":[{"href":"https:\/\/www.druidyzm.pl\/index.php?rest_route=\/wp\/v2\/pages\/705","targetHints":{"allow":["GET"]}}],"collection":[{"href":"https:\/\/www.druidyzm.pl\/index.php?rest_route=\/wp\/v2\/pages"}],"about":[{"href":"https:\/\/www.druidyzm.pl\/index.php?rest_route=\/wp\/v2\/types\/page"}],"author":[{"embeddable":true,"href":"https:\/\/www.druidyzm.pl\/index.php?rest_route=\/wp\/v2\/users\/1"}],"replies":[{"embeddable":true,"href":"https:\/\/www.druidyzm.pl\/index.php?rest_route=%2Fwp%2Fv2%2Fcomments&post=705"}],"version-history":[{"count":38,"href":"https:\/\/www.druidyzm.pl\/index.php?rest_route=\/wp\/v2\/pages\/705\/revisions"}],"predecessor-version":[{"id":1704,"href":"https:\/\/www.druidyzm.pl\/index.php?rest_route=\/wp\/v2\/pages\/705\/revisions\/1704"}],"wp:attachment":[{"href":"https:\/\/www.druidyzm.pl\/index.php?rest_route=%2Fwp%2Fv2%2Fmedia&parent=705"}],"curies":[{"name":"wp","href":"https:\/\/api.w.org\/{rel}","templated":true}]}}