{"id":38,"date":"2019-08-18T21:29:18","date_gmt":"2019-08-18T21:29:18","guid":{"rendered":"http:\/\/www.druidyzm.pl\/?page_id=38"},"modified":"2025-12-02T20:15:46","modified_gmt":"2025-12-02T20:15:46","slug":"kontakt","status":"publish","type":"page","link":"https:\/\/www.druidyzm.pl\/?page_id=38","title":{"rendered":"Kontakt"},"content":{"rendered":"\n<p><strong>Masz pytania dotycz\u0105ce naszej dzia\u0142alno\u015bci, kurs\u00f3w, druidyzmu jako \u015bcie\u017cki duchowej?<\/strong><br><strong>Chcesz zaprosi\u0107 nas na wydarzenie, poprosi\u0107 o konsultacj\u0119 lub po prostu nawi\u0105za\u0107 dialog?<\/strong><\/p>\n\n\n\n<p>Z rado\u015bci\u0105 odpowiemy na wiadomo\u015bci zar\u00f3wno od os\u00f3b stawiaj\u0105cych pierwsze kroki na duchowej \u015bcie\u017cce, jak i od tych, kt\u00f3rzy praktykuj\u0105 od lat. <strong>Mo\u017cesz u\u017cy\u0107 poni\u017cszego formularza, aby:<\/strong><\/p>\n\n\n\n<ul class=\"wp-block-list\">\n<li>zada\u0107 pytanie dotycz\u0105ce do\u0142\u0105czenia,<\/li>\n\n\n\n<li>zapisa\u0107 si\u0119 na list\u0119 os\u00f3b zainteresowanych wydarzeniami i kursami,<\/li>\n\n\n\n<li>zaprosi\u0107 nas do wsp\u00f3\u0142pracy lub na spotkanie,<\/li>\n\n\n\n<li>podzieli\u0107 si\u0119 refleksj\u0105, inspiracj\u0105 lub wiadomo\u015bci\u0105 bez konkretnego celu: r\u00f3wnie\u017c takie s\u0105 dla nas wa\u017cne.<\/li>\n<\/ul>\n\n\n\n<p>Twoja wiadomo\u015b\u0107 zostanie odebrana z szacunkiem i uwag\u0105. Staramy si\u0119 odpowiada\u0107 jak najszybciej, cho\u0107 czasem: zgodnie z rytmem natury \ud83d\ude09 &#8211; mo\u017ce to potrwa\u0107 kilka dni.<\/p>\n\n\n\n<div class=\"wp-block-group\"><div class=\"wp-block-group__inner-container is-layout-flow wp-block-group-is-layout-flow\">\n<div class=\"wp-block-wpzoom-blocks-social-icons is-style-with-label-canvas-rounded\" style=\"--wpz-social-icons-block-item-font-size:20px;--wpz-social-icons-block-item-padding-horizontal:10px;--wpz-social-icons-block-item-padding-vertical:10px;--wpz-social-icons-block-item-margin-horizontal:5px;--wpz-social-icons-block-item-margin-vertical:5px;--wpz-social-icons-block-item-border-radius:50px;--wpz-social-icons-block-label-font-size:20px;--wpz-social-icons-block-label-color:#2e3131;--wpz-social-icons-block-label-color-hover:#2e3131;--wpz-social-icons-alignment:center\"><a href=\"https:\/\/www.facebook.com\/druidyzm.polska\" class=\"social-icon-link\" title=\"Facebook\" style=\"--wpz-social-icons-block-item-color:#1877F2;--wpz-social-icons-block-item-color-hover:#1877F2\"><span class=\"social-icon socicon socicon-facebook\"><\/span><\/a><a href=\"https:\/\/www.instagram.com\/druid_emrys\/\" class=\"social-icon-link\" title=\"Instagram\" style=\"--wpz-social-icons-block-item-color:#E4405F;--wpz-social-icons-block-item-color-hover:#E4405F\"><span class=\"social-icon socicon socicon-instagram\"><\/span><\/a><a href=\"https:\/\/www.youtube.com\/channel\/UC_Tdd4cyuNHjic__-C7fLtQ\" class=\"social-icon-link\" title=\"Youtube\" style=\"--wpz-social-icons-block-item-color:#dd3700;--wpz-social-icons-block-item-color-hover:#8a726b\"><span class=\"social-icon socicon socicon-youtube\"><\/span><\/a><a href=\"https:\/\/open.spotify.com\/show\/48joQ43M4f4vgHtfjqgFjy\" class=\"social-icon-link\" title=\"Spotify\" style=\"--wpz-social-icons-block-item-color:#0f8100;--wpz-social-icons-block-item-color-hover:#444140\"><span class=\"social-icon socicon socicon-spotify\"><\/span><\/a><\/div>\n<\/div><\/div>\n\n\n\n<h3 class=\"wp-block-heading\"><strong>G\u0142\u00f3wna skrzynka odbiorcza biura:<\/strong><\/h3>\n\n\n\n<div class=\"wp-block-contact-form-7-contact-form-selector\">\n<div class=\"wpcf7 no-js\" id=\"wpcf7-f780-o1\" lang=\"pl-PL\" dir=\"ltr\" data-wpcf7-id=\"780\">\n<div class=\"screen-reader-response\"><p role=\"status\" aria-live=\"polite\" aria-atomic=\"true\"><\/p> <ul><\/ul><\/div>\n<form action=\"\/index.php?rest_route=%2Fwp%2Fv2%2Fpages%2F38#wpcf7-f780-o1\" method=\"post\" class=\"wpcf7-form init\" aria-label=\"Formularz kontaktowy\" novalidate=\"novalidate\" data-status=\"init\">\n<fieldset class=\"hidden-fields-container\"><input type=\"hidden\" name=\"_wpcf7\" value=\"780\" \/><input type=\"hidden\" name=\"_wpcf7_version\" value=\"6.1\" \/><input type=\"hidden\" name=\"_wpcf7_locale\" value=\"pl_PL\" \/><input type=\"hidden\" name=\"_wpcf7_unit_tag\" value=\"wpcf7-f780-o1\" \/><input type=\"hidden\" name=\"_wpcf7_container_post\" value=\"0\" \/><input type=\"hidden\" name=\"_wpcf7_posted_data_hash\" value=\"\" \/>\n<\/fieldset>\n<p><label> Twoje imi\u0119:<br \/>\n<span class=\"wpcf7-form-control-wrap\" data-name=\"your-name\"><input size=\"40\" maxlength=\"400\" class=\"wpcf7-form-control wpcf7-text wpcf7-validates-as-required\" aria-required=\"true\" aria-invalid=\"false\" value=\"\" type=\"text\" name=\"your-name\" \/><\/span> <\/label>\n<\/p>\n<p><label> Tw\u00f3j adres e-mail<br \/>\n<span class=\"wpcf7-form-control-wrap\" data-name=\"your-email\"><input size=\"40\" maxlength=\"400\" class=\"wpcf7-form-control wpcf7-email wpcf7-validates-as-required wpcf7-text wpcf7-validates-as-email\" aria-required=\"true\" aria-invalid=\"false\" value=\"\" type=\"email\" name=\"your-email\" \/><\/span> <\/label>\n<\/p>\n<p><label> Temat<br \/>\n<span class=\"wpcf7-form-control-wrap\" data-name=\"your-subject\"><input size=\"40\" maxlength=\"400\" class=\"wpcf7-form-control wpcf7-text wpcf7-validates-as-required\" aria-required=\"true\" aria-invalid=\"false\" value=\"\" type=\"text\" name=\"your-subject\" \/><\/span> <\/label>\n<\/p>\n<p><label> Twoja wiadomo\u015bci<br \/>\n<span class=\"wpcf7-form-control-wrap\" data-name=\"your-message\"><textarea cols=\"40\" rows=\"10\" maxlength=\"2000\" class=\"wpcf7-form-control wpcf7-textarea\" aria-invalid=\"false\" name=\"your-message\"><\/textarea><\/span> <\/label>\n<\/p>\n<p><input class=\"wpcf7-form-control wpcf7-submit has-spinner\" type=\"submit\" value=\"Wy\u015blij\" \/>\n<\/p><div class=\"wpcf7-response-output\" aria-hidden=\"true\"><\/div>\n<\/form>\n<\/div>\n<\/div>\n\n\n\n<blockquote class=\"wp-block-quote is-layout-flow wp-block-quote-is-layout-flow\">\n<p><strong>Ochrona danych osobowych:<br><\/strong><em>Wys\u0142anie wiadomo\u015bci mailowej jest jednoznaczne z udzieleniem zgody na przetwarzanie danych osobowych, kt\u00f3rych to administratorem b\u0119dzie <strong>Emrys Kosek MacDara<\/strong>. Przes\u0142ane przez Pa\u0144stwa dane, zostan\u0105 wykorzystane jedynie w celu odpowiedzi na przes\u0142ane pytania i korespondencj\u0119.<\/em><\/p>\n<\/blockquote>\n\n\n\n<hr class=\"wp-block-separator has-alpha-channel-opacity\"\/>\n\n\n\n<p class=\"has-text-align-center\"><strong>Niech Twoje s\u0142owa odnajd\u0105 w\u0142a\u015bciwe miejsce<\/strong>.<\/p>\n\n\n\n<hr class=\"wp-block-separator has-alpha-channel-opacity\"\/>\n\n\n\n<figure class=\"wp-block-image size-full\"><img loading=\"lazy\" decoding=\"async\" width=\"940\" height=\"788\" src=\"http:\/\/www.druidyzm.pl\/wp-content\/uploads\/2022\/10\/Kopia-jare-.png\" alt=\"\" class=\"wp-image-709\" srcset=\"https:\/\/www.druidyzm.pl\/wp-content\/uploads\/2022\/10\/Kopia-jare-.png 940w, https:\/\/www.druidyzm.pl\/wp-content\/uploads\/2022\/10\/Kopia-jare--300x251.png 300w, https:\/\/www.druidyzm.pl\/wp-content\/uploads\/2022\/10\/Kopia-jare--768x644.png 768w, https:\/\/www.druidyzm.pl\/wp-content\/uploads\/2022\/10\/Kopia-jare--520x436.png 520w, https:\/\/www.druidyzm.pl\/wp-content\/uploads\/2022\/10\/Kopia-jare--740x620.png 740w\" sizes=\"auto, (max-width: 940px) 100vw, 940px\" \/><\/figure>\n\n\n<div class=\"wp-block-image\">\n<figure class=\"aligncenter size-full\"><img loading=\"lazy\" decoding=\"async\" width=\"812\" height=\"500\" src=\"http:\/\/www.druidyzm.pl\/wp-content\/uploads\/2022\/10\/stojka-foto-18.png\" alt=\"\" class=\"wp-image-798\" srcset=\"https:\/\/www.druidyzm.pl\/wp-content\/uploads\/2022\/10\/stojka-foto-18.png 812w, https:\/\/www.druidyzm.pl\/wp-content\/uploads\/2022\/10\/stojka-foto-18-300x185.png 300w, https:\/\/www.druidyzm.pl\/wp-content\/uploads\/2022\/10\/stojka-foto-18-768x473.png 768w, https:\/\/www.druidyzm.pl\/wp-content\/uploads\/2022\/10\/stojka-foto-18-520x320.png 520w, https:\/\/www.druidyzm.pl\/wp-content\/uploads\/2022\/10\/stojka-foto-18-740x456.png 740w\" sizes=\"auto, (max-width: 812px) 100vw, 812px\" \/><\/figure><\/div>","protected":false},"excerpt":{"rendered":"<p>Masz pytania dotycz\u0105ce naszej dzia\u0142alno\u015bci, kurs\u00f3w, druidyzmu jako \u015bcie\u017cki duchowej?Chcesz zaprosi\u0107 nas na wydarzenie, poprosi\u0107 o konsultacj\u0119 lub po prostu nawi\u0105za\u0107 dialog? Z rado\u015bci\u0105 odpowiemy na wiadomo\u015bci zar\u00f3wno od os\u00f3b stawiaj\u0105cych pierwsze kroki na duchowej<a class=\"read-more\" href=\"https:\/\/www.druidyzm.pl\/?page_id=38\">Continue reading<\/a><\/p>\n","protected":false},"author":1,"featured_media":0,"parent":0,"menu_order":0,"comment_status":"closed","ping_status":"closed","template":"","meta":{"ngg_post_thumbnail":0,"footnotes":""},"class_list":["post-38","page","type-page","status-publish","hentry"],"_links":{"self":[{"href":"https:\/\/www.druidyzm.pl\/index.php?rest_route=\/wp\/v2\/pages\/38","targetHints":{"allow":["GET"]}}],"collection":[{"href":"https:\/\/www.druidyzm.pl\/index.php?rest_route=\/wp\/v2\/pages"}],"about":[{"href":"https:\/\/www.druidyzm.pl\/index.php?rest_route=\/wp\/v2\/types\/page"}],"author":[{"embeddable":true,"href":"https:\/\/www.druidyzm.pl\/index.php?rest_route=\/wp\/v2\/users\/1"}],"replies":[{"embeddable":true,"href":"https:\/\/www.druidyzm.pl\/index.php?rest_route=%2Fwp%2Fv2%2Fcomments&post=38"}],"version-history":[{"count":44,"href":"https:\/\/www.druidyzm.pl\/index.php?rest_route=\/wp\/v2\/pages\/38\/revisions"}],"predecessor-version":[{"id":1660,"href":"https:\/\/www.druidyzm.pl\/index.php?rest_route=\/wp\/v2\/pages\/38\/revisions\/1660"}],"wp:attachment":[{"href":"https:\/\/www.druidyzm.pl\/index.php?rest_route=%2Fwp%2Fv2%2Fmedia&parent=38"}],"curies":[{"name":"wp","href":"https:\/\/api.w.org\/{rel}","templated":true}]}}