{"id":1346,"date":"2025-06-27T14:52:57","date_gmt":"2025-06-27T14:52:57","guid":{"rendered":"https:\/\/www.druidyzm.pl\/?page_id=1346"},"modified":"2025-12-02T21:44:29","modified_gmt":"2025-12-02T21:44:29","slug":"o-nas","status":"publish","type":"page","link":"https:\/\/www.druidyzm.pl\/?page_id=1346","title":{"rendered":"O nas"},"content":{"rendered":"\n<p style=\"font-size:22px\"><strong>Kim jeste\u015bmy?<\/strong><\/p>\n\n\n<div class=\"wp-block-image is-style-default\">\n<figure class=\"alignright size-large is-resized\"><img loading=\"lazy\" decoding=\"async\" width=\"1024\" height=\"1024\" src=\"http:\/\/www.druidyzm.pl\/wp-content\/uploads\/2025\/06\/14-1024x1024.jpg\" alt=\"\" class=\"wp-image-1389\" style=\"width:397px;height:397px\" srcset=\"https:\/\/www.druidyzm.pl\/wp-content\/uploads\/2025\/06\/14-1024x1024.jpg 1024w, https:\/\/www.druidyzm.pl\/wp-content\/uploads\/2025\/06\/14-300x300.jpg 300w, https:\/\/www.druidyzm.pl\/wp-content\/uploads\/2025\/06\/14-150x150.jpg 150w, https:\/\/www.druidyzm.pl\/wp-content\/uploads\/2025\/06\/14-768x768.jpg 768w, https:\/\/www.druidyzm.pl\/wp-content\/uploads\/2025\/06\/14-520x520.jpg 520w, https:\/\/www.druidyzm.pl\/wp-content\/uploads\/2025\/06\/14-740x740.jpg 740w, https:\/\/www.druidyzm.pl\/wp-content\/uploads\/2025\/06\/14.jpg 1080w\" sizes=\"auto, (max-width: 1024px) 100vw, 1024px\" \/><\/figure><\/div>\n\n\n<p>Druidyzm w Polsce to wci\u0105\u017c przede wszystkim <strong>\u015bcie\u017cka indywidualna<\/strong> \u2014 ale z roku na rok przybywa tych, kt\u00f3rzy pragn\u0105 dzieli\u0107 si\u0119 t\u0105 praktyk\u0105 i rozwija\u0107 j\u0105 razem z innymi.<\/p>\n\n\n\n<p>Nasza <strong>Fundacja Stra\u017cnika Tradycji<\/strong> to wsp\u00f3lnota ludzi, kt\u00f3rzy:<\/p>\n\n\n\n<ul class=\"wp-block-list\">\n<li>celebruj\u0105 \u015bwi\u0119ta sezonowe inspirowane cyklami natury<\/li>\n\n\n\n<li>tworz\u0105 miejsca kultu (kamienne kr\u0119gi, symbole, przestrzenie duchowe)<\/li>\n\n\n\n<li>dziel\u0105 si\u0119 wiedz\u0105 podczas spotka\u0144, warsztat\u00f3w i wyk\u0142ad\u00f3w<\/li>\n\n\n\n<li>w grupie i\/lub indywidualnie rozwijaj\u0105 praktyk\u0119 duchow\u0105<\/li>\n\n\n\n<li>interesuj\u0105 si\u0119 starymi tradycjami i zwyczajami<\/li>\n<\/ul>\n\n\n\n<hr class=\"wp-block-separator has-alpha-channel-opacity\"\/>\n\n\n\n<p>W naszej praktyce staramy si\u0119 \u017cy\u0107 zgodnie z rytmem Ziemi &#8211; jej cyklami, \u015bwi\u0119tami i przemianami. Organizujemy osiem <strong>g\u0142\u00f3wnych \u015bwi\u0105t sezonowych<\/strong>, kt\u00f3re wyznaczaj\u0105 rytm roku. Ka\u017cde z nich jest momentem zatrzymania, po\u0142\u0105czenia z Natur\u0105, refleksji i \u015bwi\u0119towania \u017cycia. To czas wsp\u00f3lnoty, rytua\u0142u i g\u0142\u0119bokiej duchowo\u015bci, w kt\u00f3rej ka\u017cdy mo\u017ce znale\u017a\u0107 swoje miejsce &#8211; niezale\u017cnie od \u015bcie\u017cki, kt\u00f3r\u0105 kroczy.<\/p>\n\n\n\n<p>Udzia\u0142 w wydarzeniach jest mo\u017cliwy po wcze\u015bniejszym zg\u0142oszeniu: tak, by zapewni\u0107 intymno\u015b\u0107, bezpiecze\u0144stwo i w\u0142a\u015bciwe przygotowanie ka\u017cdego spotkania. Nie wszystkie \u015bwi\u0119ta i rytua\u0142y s\u0105 dost\u0119pne dla go\u015bci i og\u0142aszane publicznie. Je\u015bli chcesz wzi\u0105\u0107 udzia\u0142 w naszym wydarzeniu: <a href=\"https:\/\/www.druidyzm.pl\/?page_id=38\" data-type=\"page\" data-id=\"38\">napisz do nas!<\/a><\/p>\n\n\n\n<p><strong>Uczty i Biesiady<\/strong><br>Po ka\u017cdym \u015bwi\u0119cie dzielimy si\u0119 wsp\u00f3lnym posi\u0142kiem. Biesiada to nie tylko jedzenie, ale czas na rozmow\u0119, wymian\u0119 my\u015bli i rado\u015b\u0107 z bycia razem. Mo\u017cna przynie\u015b\u0107 w\u0142asne jedzenie, r\u0119kodzie\u0142o, muzyk\u0119 czy poezj\u0119. W naszej wsp\u00f3lnocie ka\u017cdy g\u0142os i ka\u017cdy dar jest wa\u017cny.<\/p>\n\n\n\n<hr class=\"wp-block-separator has-alpha-channel-opacity\"\/>\n\n\n<div class=\"wp-block-image\">\n<figure class=\"aligncenter size-large is-resized\"><img loading=\"lazy\" decoding=\"async\" width=\"1024\" height=\"453\" src=\"http:\/\/www.druidyzm.pl\/wp-content\/uploads\/2022\/10\/cropped-Projekt-bez-tytu\u0142u-10-1024x453.png\" alt=\"\" class=\"wp-image-657\" style=\"width:844px;height:373px\" srcset=\"https:\/\/www.druidyzm.pl\/wp-content\/uploads\/2022\/10\/cropped-Projekt-bez-tytu\u0142u-10-1024x453.png 1024w, https:\/\/www.druidyzm.pl\/wp-content\/uploads\/2022\/10\/cropped-Projekt-bez-tytu\u0142u-10-300x133.png 300w, https:\/\/www.druidyzm.pl\/wp-content\/uploads\/2022\/10\/cropped-Projekt-bez-tytu\u0142u-10-768x340.png 768w, https:\/\/www.druidyzm.pl\/wp-content\/uploads\/2022\/10\/cropped-Projekt-bez-tytu\u0142u-10-520x230.png 520w, https:\/\/www.druidyzm.pl\/wp-content\/uploads\/2022\/10\/cropped-Projekt-bez-tytu\u0142u-10-740x328.png 740w, https:\/\/www.druidyzm.pl\/wp-content\/uploads\/2022\/10\/cropped-Projekt-bez-tytu\u0142u-10.png 1920w\" sizes=\"auto, (max-width: 1024px) 100vw, 1024px\" \/><\/figure><\/div>\n\n\n<p>Od 2021 roku Emrys prowadzi r\u00f3wnie\u017c <strong>rytua\u0142y przej\u015bcia jako celebrant<\/strong>, w tym m.in. \u015bluby, pogrzeby nadawanie imion i inne ceremonie duchowe.<\/p>\n\n\n\n<p>W 2024 roku uruchomili\u015bmy nasz\u0105 <strong>platform\u0119 edukacyjn\u0105<\/strong>, oferuj\u0105c\u0105 kursy, medytacje i webinary \u2013 zapraszamy do zanurzenia si\u0119 w tej przestrzeni i odkrywania w\u0142asnej drogi w rytmie tradycji Druid\u00f3w.<\/p>\n\n\n\n<p style=\"font-size:26px\"><strong>Fundacja Stra\u017cnika Tradycji &#8211; Wiedza, Duchowo\u015b\u0107, Historia<\/strong> <\/p>\n\n\n\n<p><strong><strong>Fundacja Stra\u017cnika Tradycji<\/strong> <\/strong>to niezale\u017cna grupa duchowa, inspirowana druidyzmem i tradycj\u0105 lud\u00f3w kultury indoeuropejskiej, dzia\u0142aj\u0105ca na terenie Polski. Nazwa inspirowana jest jednym z cel\u00f3w i funkcji dzia\u0142alno\u015bci druid\u00f3w, kt\u00f3rzy zar\u00f3wno w staro\u017cytno\u015bci, jak i wsp\u00f3\u0142cze\u015bnie &#8211; postrzegani byli (i s\u0105) jako stra\u017cnicy tradycji. Jako wsp\u00f3lnota skupiamy osoby poszukuj\u0105ce g\u0142\u0119bszego po\u0142\u0105czenia z rytmem przyrody oraz duchowej to\u017csamo\u015bci zakorzenionej w pradawnej m\u0105dro\u015bci.<\/p>\n\n\n\n<p>Naszym celem jest wspieranie osobistego i wsp\u00f3lnotowego rozwoju poprzez praktyki duchowe, rytua\u0142y, celebracje \u015bwi\u0105t cyklu obrz\u0119dowego oraz pog\u0142\u0119bianie wiedzy o kulturze i duchowo\u015bci lud\u00f3w indoeuropejskich.<\/p>\n\n\n<div class=\"wp-block-image is-style-default\">\n<figure class=\"alignleft size-large is-resized\"><img loading=\"lazy\" decoding=\"async\" width=\"1080\" height=\"1080\" src=\"http:\/\/www.druidyzm.pl\/wp-content\/uploads\/2025\/06\/4-1024x1024.jpg\" alt=\"\" class=\"wp-image-1379\" style=\"width:384px;height:384px\" srcset=\"https:\/\/www.druidyzm.pl\/wp-content\/uploads\/2025\/06\/4-1024x1024.jpg 1024w, https:\/\/www.druidyzm.pl\/wp-content\/uploads\/2025\/06\/4-300x300.jpg 300w, https:\/\/www.druidyzm.pl\/wp-content\/uploads\/2025\/06\/4-150x150.jpg 150w, https:\/\/www.druidyzm.pl\/wp-content\/uploads\/2025\/06\/4-768x768.jpg 768w, https:\/\/www.druidyzm.pl\/wp-content\/uploads\/2025\/06\/4-520x520.jpg 520w, https:\/\/www.druidyzm.pl\/wp-content\/uploads\/2025\/06\/4-740x740.jpg 740w, https:\/\/www.druidyzm.pl\/wp-content\/uploads\/2025\/06\/4.jpg 1080w\" sizes=\"auto, (max-width: 1080px) 100vw, 1080px\" \/><\/figure><\/div>\n\n\n<p>Dzia\u0142amy <strong>jako p\u00f3\u0142-otwarty Kr\u0105g<\/strong> \u2013 dost\u0119pny dla wszystkich, kt\u00f3rzy z szacunkiem, uwa\u017cno\u015bci\u0105 i \u015bwiadom\u0105 intencj\u0105 chc\u0105 do\u015bwiadczy\u0107 duchowej \u015bcie\u017cki opartej na naturze, cykliczno\u015bci i pracy wewn\u0119trznej. <\/p>\n\n\n\n<p>Nie tworzymy przesadnie z\u0142o\u017conych struktur \u2013 nasze dzia\u0142ania opieraj\u0105 si\u0119 na <strong>partnerstwie<\/strong>, <strong>wsp\u00f3\u0142odpowiedzialno\u015bci i wzajemnym wsparciu<\/strong>. Spotykamy si\u0119 w przestrzeniach przyrody, w kamiennych kr\u0119gach, na \u0142onie las\u00f3w i g\u00f3r, gdzie prowadzimy rytua\u0142y, medytacje i \u015bwi\u0119ta sezonowe. Na czele naszej organizacji stoi Druid, kt\u00f3ry pe\u0142ni rol\u0119 Przewodnika.<\/p>\n\n\n\n<p>Zapraszamy wszystkich, kt\u00f3rzy pragn\u0105 po\u0142\u0105czy\u0107 duchowo\u015b\u0107 z dzia\u0142aniem, tradycj\u0119 ze wsp\u00f3\u0142czesn\u0105 obecno\u015bci\u0105, a indywidualn\u0105 \u015bcie\u017ck\u0119 z poczuciem wsp\u00f3lnoty. To miejsce, w kt\u00f3rym duchowa praktyka mo\u017ce sta\u0107 si\u0119 cz\u0119\u015bci\u0105 codziennego \u017cycia.<\/p>\n\n\n\n<figure class=\"wp-block-image size-large\"><a href=\"https:\/\/www.facebook.com\/fundacja.druida\"><img loading=\"lazy\" decoding=\"async\" width=\"1024\" height=\"724\" src=\"https:\/\/www.druidyzm.pl\/wp-content\/uploads\/2025\/12\/Fundacja-Straznika-Tradycji-Logotypy-1024x724.jpg\" alt=\"\" class=\"wp-image-1675\" srcset=\"https:\/\/www.druidyzm.pl\/wp-content\/uploads\/2025\/12\/Fundacja-Straznika-Tradycji-Logotypy-1024x724.jpg 1024w, https:\/\/www.druidyzm.pl\/wp-content\/uploads\/2025\/12\/Fundacja-Straznika-Tradycji-Logotypy-300x212.jpg 300w, https:\/\/www.druidyzm.pl\/wp-content\/uploads\/2025\/12\/Fundacja-Straznika-Tradycji-Logotypy-768x543.jpg 768w, https:\/\/www.druidyzm.pl\/wp-content\/uploads\/2025\/12\/Fundacja-Straznika-Tradycji-Logotypy-1536x1086.jpg 1536w, https:\/\/www.druidyzm.pl\/wp-content\/uploads\/2025\/12\/Fundacja-Straznika-Tradycji-Logotypy-520x368.jpg 520w, https:\/\/www.druidyzm.pl\/wp-content\/uploads\/2025\/12\/Fundacja-Straznika-Tradycji-Logotypy-740x523.jpg 740w, https:\/\/www.druidyzm.pl\/wp-content\/uploads\/2025\/12\/Fundacja-Straznika-Tradycji-Logotypy.jpg 2000w\" sizes=\"auto, (max-width: 1024px) 100vw, 1024px\" \/><\/a><\/figure>\n","protected":false},"excerpt":{"rendered":"<p>Kim jeste\u015bmy? Druidyzm w Polsce to wci\u0105\u017c przede wszystkim \u015bcie\u017cka indywidualna \u2014 ale z roku na rok przybywa tych, kt\u00f3rzy pragn\u0105 dzieli\u0107 si\u0119 t\u0105 praktyk\u0105 i rozwija\u0107 j\u0105 razem z innymi. Nasza Fundacja Stra\u017cnika Tradycji<a class=\"read-more\" href=\"https:\/\/www.druidyzm.pl\/?page_id=1346\">Continue reading<\/a><\/p>\n","protected":false},"author":1,"featured_media":0,"parent":0,"menu_order":0,"comment_status":"closed","ping_status":"closed","template":"","meta":{"ngg_post_thumbnail":0,"footnotes":""},"class_list":["post-1346","page","type-page","status-publish","hentry"],"_links":{"self":[{"href":"https:\/\/www.druidyzm.pl\/index.php?rest_route=\/wp\/v2\/pages\/1346","targetHints":{"allow":["GET"]}}],"collection":[{"href":"https:\/\/www.druidyzm.pl\/index.php?rest_route=\/wp\/v2\/pages"}],"about":[{"href":"https:\/\/www.druidyzm.pl\/index.php?rest_route=\/wp\/v2\/types\/page"}],"author":[{"embeddable":true,"href":"https:\/\/www.druidyzm.pl\/index.php?rest_route=\/wp\/v2\/users\/1"}],"replies":[{"embeddable":true,"href":"https:\/\/www.druidyzm.pl\/index.php?rest_route=%2Fwp%2Fv2%2Fcomments&post=1346"}],"version-history":[{"count":10,"href":"https:\/\/www.druidyzm.pl\/index.php?rest_route=\/wp\/v2\/pages\/1346\/revisions"}],"predecessor-version":[{"id":1694,"href":"https:\/\/www.druidyzm.pl\/index.php?rest_route=\/wp\/v2\/pages\/1346\/revisions\/1694"}],"wp:attachment":[{"href":"https:\/\/www.druidyzm.pl\/index.php?rest_route=%2Fwp%2Fv2%2Fmedia&parent=1346"}],"curies":[{"name":"wp","href":"https:\/\/api.w.org\/{rel}","templated":true}]}}